57307.
17, 3371
What are the prime factors of 28981?
73, 397
What are the prime factors of 54650?
2, 5, 1093
List the prime factors of 3475.
5, 139
What are the prime factors of 16073?
16073
What are the prime factors of 6404?
2, 1601
What are the prime factors of 1163?
1163
What are the prime factors of 64465?
5, 12893
List the prime factors of 824.
2, 103
List the prime factors of 2547.
3, 283
What are the prime factors of 600?
2, 3, 5
What are the prime factors of 5809?
37, 157
List the prime factors of 1641.
3, 547
List the prime factors of 1432.
2, 179
What are the prime factors of 6688?
2, 11, 19
List the prime factors of 12485.
5, 11, 227
List the prime factors of 1228.
2, 307
List the prime factors of 3631.
3631
What are the prime factors of 3544?
2, 443
What are the prime factors of 55841?
19, 2939
List the prime factors of 314.
2, 157
List the prime factors of 30353.
127, 239
List the prime factors of 2498.
2, 1249
List the prime factors of 825.
3, 5, 11
List the prime factors of 101245.
5, 20249
What are the prime factors of 3858?
2, 3, 643
List the prime factors of 88307.
233, 379
List the prime factors of 168837.
3, 167, 337
What are the prime factors of 10047?
3, 17, 197
List the prime factors of 7986.
2, 3, 11
What are the prime factors of 42846?
2, 3, 37, 193
What are the prime factors of 114075?
3, 5, 13
What are the prime factors of 850?
2, 5, 17
List the prime factors of 2342.
2, 1171
What are the prime factors of 68935?
5, 17, 811
What are the prime factors of 1614?
2, 3, 269
What are the prime factors of 12016?
2, 751
List the prime factors of 500.
2, 5
List the prime factors of 2337.
3, 19, 41
List the prime factors of 35414.
2, 17707
What are the prime factors of 1472?
2, 23
What are the prime factors of 426?
2, 3, 71
List the prime factors of 1895.
5, 379
What are the prime factors of 1557?
3, 173
What are the prime factors of 92?
2, 23
What are the prime factors of 1165?
5, 233
List the prime factors of 886.
2, 443
List the prime factors of 45225.
3, 5, 67
What are the prime factors of 2947?
7, 421
List the prime factors of 5510.
2, 5, 19, 29
List the prime factors of 764.
2, 191
What are the prime factors of 3293?
37, 89
List the prime factors of 37224.
2, 3, 11, 47
What are the prime factors of 605?
5, 11
What are the prime factors of 15063?
3, 5021
List the prime factors of 153773.
367, 419
List the prime factors of 22367.
22367
List the prime factors of 25856.
2, 101
List the prime factors of 13848.
2, 3, 577
List the prime factors of 582.
2, 3, 97
List the prime factors of 1447.
1447
List the prime factors of 2963.
2963
List the prime factors of 6822.
2, 3, 379
List the prime factors of 590.
2, 5, 59
List the prime factors of 365.
5, 73
List the prime factors of 1720.
2, 5, 43
What are the prime factors of 84411?
3, 83, 113
What are the prime factors of 1452?
2, 3, 11
What are the prime factors of 20245?
5, 4049
List the prime factors of 5967.
3, 13, 17
What are the prime factors of 119?
7, 17
What are the prime factors of 1434?
2, 3, 239
List the prime factors of 1595.
5, 11, 29
What are the prime factors of 25?
5
What are the prime factors of 44335?
5, 8867
What are the prime factors of 1366?
2, 683
List the prime factors of 45561.
3, 15187
What are the prime factors of 7826?
2, 7, 13, 43
What are the prime factors of 392?
2, 7
What are the prime factors of 852?
2, 3, 71
List the prime factors of 65449.
65449
What are the prime factors of 718?
2, 359
List the prime factors of 21724.
2, 5431
List the prime factors of 2928.
2, 3, 61
What are the prime factors of 37881?
3, 23, 61
What are the prime factors of 3592?
2, 449
What are the prime factors of 16850?
2, 5, 337
List the prime factors of 9736.
2, 1217
What are the prime factors of 61452?
2, 3, 569
What are the prime factors of 24130?
2, 5, 19, 127
List the prime factors of 62356.
2, 7, 17, 131
List the prime factors of 378.
2, 3, 7
List the prime factors of 46257.
3, 17, 907
What are the prime factors of 235?
5, 47
What are the prime factors of 68059?
68059
What are the prime factors of 33935?
5, 11, 617
List the prime factors of 814.
2, 11, 37
List the prime factors of 1790.
2, 5, 179
List the prime factors of 184637.
17, 10861
List the prime factors of 2643.
3, 881
What are the prime factors of 1988?
2, 7, 71
List the prime factors of 13081.
103, 127
What are the prime factors of 2195?
5, 439
What are the prime factors of 35567?
7, 5081
What are the prime factors of 3572?
2, 19, 47
What are the prime factors of 2227?
17, 131
What are the prime factors of 136?
2, 17
What are the prime factors of 1493?
1493
What are the prime factors of 106995?
3, 5, 7, 1019
What are the prime factors of 18711?
3, 7, 11
List the prime factors of 464.
2, 29
List the prime factors of 18662.
2, 7, 31, 43
What are the prime factors of 1882?
2, 941
What are the prime factors of 3443?
11, 313
List the prime factors of 2419.
41, 59
What are the prime factors of 35469?
3, 7, 563
What are the prime factors of 25871?
41, 631
What are the prime factors of 4059?
3, 11, 41
List the prime factors of 2258.
2, 1129
List the prime factors of 18160.
2, 5, 227
What are the prime factors of 2586?
2, 3, 431
What are the prime factors of 1496?
2, 11, 17
List the prime factors of 1109.
1109
What are the prime factors of 2811?
3, 937
List the prime factors of 1567.
1567
List the prime factors of 45715.
5, 41, 223
List the prime factors of 59496.
2, 3, 37, 67
List the prime factors of 38412.
2, 3, 11, 97
List the prime factors of 224.
2, 7
What are the prime factors of 8571?
3, 2857
What are the prime factors of 224?
2, 7
List the prime factors of 77575.
5, 29, 107
List the prime factors of 77.
7, 11
List the prime factors of 254.
2, 127
What are the prime factors of 14514?
2, 3, 41, 59
List the prime factors of 1098.
2, 3, 61
What are the prime factors of 5648?
2, 353
What are the prime factors of 15919?
15919
What are the prime factors of 41958?
2, 3, 7, 37
List the prime factors of 4660.
2, 5, 233
What are the prime factors of 5915?
5, 7, 13
What are the prime factors of 44378?
2, 22189
List the prime factors of 17866.
2, 8933
List the prime factors of 7274.
2, 3637
List the prime factors of 64821.
3, 17, 31, 41
List the prime factors of 2501.
41, 61
What are the prime factors of 7300?
2, 5, 73
What are the prime factors of 13366?
2, 41, 163
List the prime factors of 540.
2, 3, 5
List the prime factors of 921.
3, 307
What are the prime factors of 136769?
136769
List the prime factors of 5249.
29, 181
List the prime factors of 3131.
31, 101
What are the prime factors of 18561?
3, 23, 269
What are the prime factors of 3983?
7, 569
List the prime factors of 16902.
2, 3, 313
List the prime factors of 1319.
1319
List the prime factors of 758.
2, 379
What are the prime factors of 138?
2, 3, 23
List the prime factors of 968.
2, 11
What are the prime factors of 5079?
3, 1693
What are the prime factors of 1103?
1103
List the prime factors of 7294.
2, 7, 521
List the prime factors of 1953.
3, 7, 31
What are the prime factors of 2109?
3, 19, 37
List the prime factors of 342.
2, 3, 19
List the prime factors of 1564.
2, 17, 23
List the prime factors of 316.
2, 79
What are the prime factors of 853?
853
What are the prime factors of 1261?
13, 97
List the prime factors of 17907.
3, 47, 127
What are the prime factors of 1330?
2, 5, 7, 19
List the prime factors of 23532.
2, 3, 37, 53
What are the prime factors of 7279?
29, 251
What are the prime factors of 71472?
2, 3, 1489
List the prime factors of 4037.
11, 367
What are the prime factors of 10852?
2, 2713
What are the prime factors of 57?
3, 19
What are the prime factors of 43901?
11, 13, 307
What are the prime factors of 973?
7, 139
What are the prime factors of 13859?
13859
List the prime factors of 1220.
2, 5, 61
List the prime factors of 34933.
181, 193
List the prime factors of 3113.
11, 283
What are the prime factors of 133912?
2, 19, 881
List the prime factors of 9585.
3, 5, 71
List the prime factors of 53686.
2, 17, 1579
List the prime factors of 17717.
7, 2531
What are the prime factors of 1517?
37, 41
List the prime factors of 431.
431
List the prime factors of 295.
5, 59
What are the prime factors of 27049?
11, 2459
What are the prime factors of 4